1 = 0. Let r(d) = s*q(d) + k(d). Suppose -23 = 51*b - 74*b. What is r(b)?
6
Suppose -4*i = -2*i. Suppose i = 3*k - 9, -1 = 2*c + 2*k - k. Let r be (18/18)/(c/14). Let s(j) = j**3 + 6*j**2 - 7*j - 1. Give s(r).
-1
Suppose 17 = -2*x - p, 0 = 5*x + 5*p + 15 + 25. Let t(a) = -a**2 - 11*a - 12. Calculate t(x).
6
Suppose 0 = -6*j + 150 - 192. Let b(p) be the first derivative of p**2 + 5*p + 5. What is b(j)?
-9
Let k(j) = -158*j**2 + 51*j**2 + 12*j - j + 55*j**2 + 7 + 53*j**2. Determine k(-11).
7
Let j(w) = -5*w**3 - 2*w + 3. Let r = 1191 - 1190. Give j(r).
-4
Let n(r) = -113*r + 224*r + r**2 - 110*r + r**3 - 28. Determine n(0).
-28
Let t(r) = -r**2 + 6*r + 5. Let h(c) = -c**2 - 4*c + 10. Let w be h(-5). Calculate t(w).
10
Let d(p) be the first derivative of p**2 + 5*p + 2. Let o be d(-6). Let k(y) = -y**2 - 7*y - 2. Determine k(o).
-2
Let i(j) = -4*j**2 + j - 1. Let m(f) = f**2 + 1. Let c(b) = -i(b) - 3*m(b). Let n(a) = a**3 - 6*a**2 + 3*a + 1. Let h be n(6). Let q = h - 15. What is c(q)?
10
Let g(l) = l - 1. Let k be g(-5). Let p(i) be the second derivative of -1/12*i**4 + 0 - 10*i - 9/2*i**2 - 4/3*i**3. What is p(k)?
3
Let b(m) = -m**2 - 6*m + 2. Let u(s) = s**2 - 2*s + 7. Let n be u(9). Suppose -3*p - 2*p - n = 0. Let x = p - -8. Give b(x).
2
Let v(l) = -7*l**3 + 15*l**2 - 19*l + 6. Let j(b) = 3*b**3 - 8*b**2 + 9*b - 3. Let t(d) = 5*j(d) + 2*v(d). Calculate t(9).
-21
Let m(g) = -6*g**2 + g - 20. Let b(o) be the third derivative of o**5/30 + 7*o**3/6 + 20*o**2. Let i(a) = 11*b(a) + 4*m(a). What is i(2)?
-3
Let h(b) = 5*b**3 - 2*b**2. Let u be h(-1). Let r(k) be the first derivative of -k**3/3 - 4*k**2 - 6*k - 2. Give r(u).
1
Let z(v) = -1. Let c(h) = 6*h + 2. Let o(u) = c(u) + 6*z(u). Let j(n) = 13*n - 8. Let a(q) = 3*j(q) - 7*o(q). Suppose 4*p - 8 = 4. What is a(p)?
-5
Let l(g) be the third derivative of g**4/8 - 5*g**3/3 + 125*g**2 + 3*g. Give l(5).
5
Let f(w) = w**3 - 12*w**2 - 13*w + 4. Let d be 330/24 + ((-9)/12)/1. Let q be f(d). Let x(i) = -3*i**2 + 0*i - 1 + 0*i**2 - 3*i + i**3. Calculate x(q).
3
Let w(z) = z**3 + z**2 + 14*z - 5. Let q(u) = u**3 + 13*u - 5. Let o(v) = 7*q(v) - 6*w(v). Suppose 3*b = g + 10, -3*g = 2*b - 3*b - 10. Give o(b).
5
Let g(k) = -k**3 - k**2 + 3*k - 3. Let w = 60 + -60. Suppose -12*y = -24 - w. Determine g(y).
-9
Let v(l) be the third derivative of -l**8/10080 - l**7/840 - l**6/180 + 7*l**5/60 - 8*l**2. Let w(c) be the third derivative of v(c). Determine w(-4).
-12
Let c(p) be the first derivative of p**4/4 - p**2/2 + 2*p - 24. Suppose -3*j - 6*z = -2*z - 12, -z = -4*j - 3. Determine c(j).
2
Let a = -121 + 123. Let o(m) = 10 - 34 + 21 + a*m. Determine o(2).
1
Let h(z) be the first derivative of z**3/3 - 4*z**2 + 2*z - 1. Let p be ((-238)/187)/(16/(-88)). What is h(p)?
-5
Let w be -7 - (-13 - (7 - 9)). Let i(z) be the first derivative of -1/2*z**2 + 4*z - w. What is i(-3)?
7
Suppose 0 = -k + 23*k - 88. Let z(b) = -6*b + 5. Determine z(k).
-19
Let f = 432 - 437. Let t(u) = u**2 + 2*u - 7. Give t(f).
8
Let v be (6*(-6)/27)/((-10)/15). Let g(m) = 3*m + 2. Let r be g(2). Let o(h) = 1 + 7*h + 4*h - r*h. Give o(v).
7
Let v(h) = -h**3 - 3*h**2 + h. Let d(c) = 10*c**2 + c + 1. Let b be d(-1). Suppose -2*r - 1 - 21 = -4*p, -2*r + b = 4*p. What is v(r)?
-3
Let s(b) = -3*b**3 + 3*b**2 - b - 5. Let c(p) = 2*p**3 - 4*p**2 + 5. Let k(a) = -4*c(a) - 3*s(a). Let q be 16/24 - 82/6. Let l = q - -7. Give k(l).
13
Let s(b) be the first derivative of -b**2/2 - 8*b - 12. Let n = 15 - 52. Let w = n + 31. Give s(w).
-2
Let m(k) = k**2 + 4*k - 15. Let g be m(-7). Let w(z) = z**2 - 4*z + 6. Give w(g).
18
Let s(n) = 0*n - 23 + n + 19. Let w be -2 + 5/((-10)/6). Give s(w).
-9
Suppose p = -4*l + 2*p - 18, -5*l = -4*p + 17. Let m = -25 - -25. Let k(q) = 9 + m*q + 3*q - 4*q + 2*q. What is k(l)?
4
Let k(j) be the second derivative of j**7/2520 - j**6/120 - j**5/24 - 5*j**4/6 - 41*j. Let r(t) be the third derivative of k(t). Give r(7).
2
Let a(k) = -6*k**2 + 4*k - 4. Let j = -943 + 945. Calculate a(j).
-20
Let h(z) = -2*z - 7. Suppose 5 = -d + 4*s, -2*s + 17 + 8 = -5*d. What is h(d)?
3
Let s = -129 + 279. Suppose 0*r - 5*r = s. Let y be (-20)/r - 16/(-3). Let d(u) = -u**2 + 8*u - 5. Give d(y).
7
Let s(h) = h**2 - 13*h + 24. Let o(w) = -w**3 + 18*w**2 - 19*w + 44. Let q be o(17). What is s(q)?
-6
Let k(c) = 4*c - 50. Let g be k(15). Let x(o) = -o + 24. Calculate x(g).
14
Let c(u) = 635*u**2 - 639*u**2 + 2*u - 2*u. Give c(-3).
-36
Suppose 3*a + f = -2*f - 3, -5*a + 23 = -2*f. Suppose -20 = a*c + o + 5, 3*c = o - 23. Let r be (-25)/c + 5/(-40). Let g(x) = 2*x + 4. Determine g(r).
10
Let x(v) = -v**2 + 0*v - 157 - 2*v + 160 + v. Suppose -g - 8 = -5*g. Suppose g*s = 3*s - 3. Give x(s).
-9
Let m(x) = 2*x**2 - 8*x - 1. Let c(j) = -2*j**2 - 4 + 7*j + 4. Let s(w) = -3*c(w) - 2*m(w). Let l = -27442 + 27445. Determine s(l).
5
Let w be 3/7 - (0 - (-104)/14). Let n(r) = -r**3 - 8*r**2 - 9*r - 15. Calculate n(w).
-1
Let c(u) be the first derivative of 2*u**3/3 - u**2 + 2*u - 1. Suppose -4*s - 106 = -94, p - s - 5 = 0. What is c(p)?
6
Suppose 4*p = -0*t + 2*t + 16, -2*t + 5*p - 20 = 0. Let b be 1*2 + (-7 - -8). Let q(j) = 7 + j**b - 4*j + 5*j - j**2 - 3. Determine q(t).
4
Let l(s) = -s + 33. Let j be l(28). Suppose -5*t - 5 = -j*k + 20, 10 = k - 2*t. Let u(m) = m**3 + m**2 - m + 2. Determine u(k).
2
Let z(a) = a**2 + 8*a. Let j = 470 + -477. What is z(j)?
-7
Suppose -4*i = 2*g - 5*g + 22, 0 = -4*g + i + 12. Let x(t) = 4 + g*t - t**3 - 11 - 6*t**2 + 2*t**3 + 0*t. What is x(6)?
5
Suppose -4*c + 13 + 11 = 0. Suppose -10 = c*f + 2. Let v(p) = -6*p + 5. Let a(y) = 1. Let b(l) = -6*a(l) + v(l). Calculate b(f).
11
Let x be (-2)/(-1) + -23 + 12. Let q(h) = -h + 4. Let p(t) = 4*t - 17. Let y(j) = x*q(j) - 2*p(j). Give y(0).
-2
Let b(i) = -i**3 + 4*i**2 + 6*i - 4. Suppose 2*w = w - 4*g - 11, -3*w - 1 = 4*g. Suppose -2*q - 3*f = -16, -w*f + f = -8. Give b(q).
1
Let a = 775 + -765. Let f(w) = -w**2 + 8*w + 20. What is f(a)?
0
Let a(x) = 13*x**2 - 15*x - 6. Let j(v) be the first derivative of 2*v**3 - 7*v**2/2 - 3*v + 31. Let q(h) = -4*a(h) + 9*j(h). What is q(3)?
6
Suppose 346 - 234 = -16*m. Let y(c) = -5*c - 1. Let d be y(1). Let o(a) = a + 1. Let f(b) = -b**2 - 2*b + 7. Let n(u) = d*o(u) + f(u). Calculate n(m).
8
Let v(c) = c**2 + 4*c + 6. Let m(q) = q**2 - 19*q + 75. Let d be m(13). What is v(d)?
3
Suppose -20 = -4*z - 4. Suppose -z*j - 25 = j. Let m(g) be the third derivative of -g**6/120 - g**5/12 + g**4/12 + 7*g**3/6 - 14*g**2. What is m(j)?
-3
Let v(q) be the first derivative of -q**3/3 - 2*q**2 - 3*q - 6. Suppose f = -5*k - 11, 2*f + 2 - 10 = 0. Determine v(k).
0
Let h(c) be the second derivative of c**4/12 - c**3/3 - c**2 - 332*c. Calculate h(2).
-2
Let r(c) = c**3 - 21*c**2 + 28*c + 175. Let y be r(19). Let d(z) = -z - 13. What is d(y)?
2
Let q be 71 + -81 - 16/(-2). Let g(i) = -i + 2. Give g(q).
4
Let u(f) = -f**2 - f. Let l(g) = -2*g**2 - 10*g - 8. Let o be l(-6). Let m be (36/o)/(1/(-5)). Let n be ((-6)/m)/(2/6). Determine u(n).
-2
Let w(j) = j**2 - 6*j + 6. Let i(r) = 2*r**2 - 11*r + 12. Let v(h) = h**3 - 9*h**2 + h - 4. Let y be v(9). Let q(m) = y*w(m) - 2*i(m). Determine q(6).
-6
Let p(o) = 8*o - 1. Let t(m) = m + 1. Let g(q) = p(q) + 2*t(q). Calculate g(-1).
-9
Let x(m) = -2*m**2 - 2*m - 3. Suppose -42 = 9*c - 24. Give x(c).
-7
Let z(u) = 4*u**3 + 14*u**2 - 3*u + 5. Let j(p) = -p**3 - 3*p**2 + p - 1. Let c(b) = 3*j(b) + z(b). Calculate c(-5).
2
Let r(c) = -c**2 + c - 4. Let h be (-3*3/6)/(1/2). Calculate r(h).
-16
Let z(v) = v**3 - v**2 - 3*v - 3. Let m be (1 - (1 + -4)) + -4. Suppose 2*i - 2*w - 2 = -m, 0 = 3*w + 9. Let u = i - 0. Calculate z(u).
-9
Let h(a) = 0*a**3 + a**3 + 13*a**2 - 5 + 0*a**3 - 14*a. Let z be 1/(-3) + -41*1/3. Let f be h(z). Let l(i) = -i - 3. Determine l(f).
2
Let m(r) = 2*r - 4. Suppose 10*d + 12 = 13*d. What is m(d)?
4
Let x(u) be the second derivative of u**5/20 + u**4/6 - 3*u**3/2 + u**2 + u. Let r be x(-4). Let l(t) = t**3 - 6*t**2 + 5. What is l(r)?
5
Let t(l) = -l + 7. Let c be (-1)/((-3)/(-27))*-1. Suppose 0 = -5*k + 4*r - 2*r + c, 0 = -4*r + 12. Suppose 7*i + 22 = 2*i - 4*a, 4*a + 10 = -k*i. What is t(i)?
13
Let m(i) = -i**3 - i**2 + i - 1. Let q(t) = -4*t**3 + t**2 + 1. Let d(k) = m(k) + q(k). Let v be (4 - 0)*-1 - (-30)